t is the hundred millions digit of 3291631207?
2
What is the thousands digit of 1715670355?
0
What is the hundred millions digit of 148971994?
1
What is the ten thousands digit of 71739231?
3
What is the hundreds digit of 75118065?
0
What is the thousands digit of 147443489?
3
What is the units digit of 194390936?
6
What is the units digit of 1259107660?
0
What is the thousands digit of 258239619?
9
What is the hundred millions digit of 134484736?
1
What is the hundred thousands digit of 1030334222?
3
What is the thousands digit of 774060008?
0
What is the hundred millions digit of 107690490?
1
What is the hundred thousands digit of 191988822?
9
What is the millions digit of 417988025?
7
What is the thousands digit of 269578611?
8
What is the ten thousands digit of 7791919767?
1
What is the hundred millions digit of 139558499?
1
What is the hundred thousands digit of 379767635?
7
What is the hundred thousands digit of 109628999?
6
What is the hundred millions digit of 209278463?
2
What is the thousands digit of 76871230?
1
What is the millions digit of 1015524044?
5
What is the hundred millions digit of 2595296433?
5
What is the hundreds digit of 394091696?
6
What is the hundred millions digit of 2588179812?
5
What is the tens digit of 53398987?
8
What is the millions digit of 29090633?
9
What is the billions digit of 7413873820?
7
What is the ten thousands digit of 120218375?
1
What is the units digit of 650151930?
0
What is the ten millions digit of 33776036?
3
What is the billions digit of 1507808687?
1
What is the ten millions digit of 1457410504?
5
What is the thousands digit of 1796736614?
6
What is the tens digit of 6055131520?
2
What is the millions digit of 864557038?
4
What is the ten millions digit of 13211379?
1
What is the thousands digit of 287282628?
2
What is the hundreds digit of 960748718?
7
What is the hundreds digit of 29469458?
4
What is the tens digit of 490441987?
8
What is the hundred thousands digit of 429060487?
0
What is the tens digit of 288813881?
8
What is the thousands digit of 676965309?
5
What is the ten thousands digit of 70687822?
8
What is the units digit of 16452798?
8
What is the hundreds digit of 3784680?
6
What is the units digit of 155944787?
7
What is the ten thousands digit of 1480884948?
8
What is the hundred thousands digit of 2533795001?
7
What is the ten thousands digit of 18191728?
9
What is the hundreds digit of 68431846?
8
What is the millions digit of 11151516?
1
What is the hundred thousands digit of 50176544?
1
What is the ten millions digit of 353443821?
5
What is the hundreds digit of 44826996?
9
What is the millions digit of 86557128?
6
What is the ten millions digit of 3839798528?
3
What is the thousands digit of 393038730?
8
What is the ten thousands digit of 69438084?
3
What is the hundred thousands digit of 5613295295?
2
What is the hundreds digit of 47499808?
8
What is the ten thousands digit of 1257387827?
8
What is the ten thousands digit of 2187609712?
0
What is the hundreds digit of 968367005?
0
What is the millions digit of 28175125?
8
What is the units digit of 27004179?
9
What is the units digit of 1536608611?
1
What is the units digit of 12736587?
7
What is the hundred millions digit of 7805572204?
8
What is the ten thousands digit of 86842257?
4
What is the thousands digit of 51549631?
9
What is the ten thousands digit of 298897208?
9
What is the ten thousands digit of 361049989?
4
What is the thousands digit of 3238097816?
7
What is the hundred thousands digit of 747745692?
7
What is the thousands digit of 134935537?
5
What is the units digit of 100238089?
9
What is the hundred millions digit of 2233590948?
2
What is the units digit of 3839275923?
3
What is the ten millions digit of 176486281?
7
What is the hundred millions digit of 5114302531?
1
What is the hundreds digit of 1706541141?
1
What is the tens digit of 1965487890?
9
What is the units digit of 713907129?
9
What is the millions digit of 57997322?
7
What is the hundred thousands digit of 100346540?
3
What is the hundred thousands digit of 1709740825?
7
What is the millions digit of 285075030?
5
What is the hundred thousands digit of 270083505?
0
What is the ten millions digit of 224257271?
2
What is the millions digit of 89190918?
9
What is the hundred millions digit of 2095491022?
0
What is the tens digit of 149047792?
9
What is the millions digit of 489876232?
9
What is the hundred thousands digit of 19066456?
0
What is the hundred thousands digit of 66675459?
6
What is the thousands digit of 1289671517?
1
What is the tens digit of 4251995348?
4
What is the ten thousands digit of 22662415?
6
What is the hundred thousands digit of 202242336?
2
What is the hundreds digit of 18489069?
0
What is the hundred millions digit of 4490765397?
4
What is the ten thousands digit of 210295318?
9
What is the hundred thousands digit of 453041808?
0
What is the millions digit of 178163573?
8
What is the billions digit of 1010712359?
1
What is the tens digit of 394580405?
0
What is the billions digit of 1091403116?
1
What is the units digit of 3971542354?
4
What is the thousands digit of 401517258?
7
What is the thousands digit of 14938640?
8
What is the tens digit of 68321715?
1
What is the ten thousands digit of 276696818?
9
What is the ten thousands digit of 222011973?
1
What is the thousands digit of 584247606?
7
What is the hundred thousands digit of 520118036?
1
What is the ten thousands digit of 56925673?
2
What is the hundreds digit of 184823308?
3
What is the hundred thousands digit of 446838422?
8
What is the tens digit of 9233262?
6
What is the ten thousands digit of 143254126?
5
What is the millions digit of 155119598?
5
What is the ten millions digit of 21673603?
2
What is the hundred thousands digit of 621164536?
1
What is the ten millions digit of 643788156?
4
What is the millions digit of 633038044?
3
What is the tens digit of 1263284663?
6
What is the tens digit of 87957290?
9
What is the ten thousands digit of 140012010?
1
What is the hundreds digit of 199435026?
0
What is the thousands digit of 217442172?
2
What is the hundred thousands digit of 19641633?
6
What is the ten thousands digit of 4112540242?
4
What is the units digit of 258786796?
6
What is the hundreds digit of 74471394?
3
What is the ten millions digit of 396398873?
9
What is the hundred thousands digit of 218246285?
2
What is the tens digit of 31907859?
5
What is the hundreds digit of 23045419?
4
What is the hundreds digit of 92036878?
8
What is the ten thousands digit of 23766644?
6
What is the tens digit of 4517202659?
5
What is the millions digit of 234256307?
4
What is the hundreds digit of 35948705?
7
What is the millions digit of 723935407?
3
What is the ten thousands digit of 14073079?
7
What is the ten millions digit of 2247533097?
4
What is the hundred millions digit of 2226313317?
2
What is the ten millions digit of 18774105?
1
What is the hundreds digit of 97177013?
0
What is the millions digit of 179334186?
9
What is the hundred millions digit of 131486158?
1
What is the hundred thousands digit of 81500639?
5
What is the tens digit of 473361370?
7
What is the tens digit of 998797229?
2
What is the millions digit of 81021690?
1
What is the thousands digit of 1692159714?
9
What is the hundreds digit of 49943871?
8
What is the units digit of 395440362?
2
What is the ten thousands digit of 43718442?
1
What is the hundred millions digit of 3718827313?
7
What is the ten millions digit of 32501848?
3
What is the millions digit of 1126509097?
6
What is the millions digit of 50897798?
0
What is the ten millions digit of 172269477?
7
What is the hundred thousands digit of 620888930?
8
What is the tens digit of 750791019?
1
What is the hundreds digit of 243432522?
5
What is the hundred millions digit of 616593072?
6
What is the thousands digit of 232228355?
8
What is the tens digit of 42194036?
3
What is the tens digit of 11106681?
8
What is the tens digit of 2584556214?
1
What is the hundred thousands digit of 168923785?
9
What is the ten thousands digit of 52451370?
5
What is the hundred thousands digit of 1752078807?
0
What is the tens digit of 57216564?
6
What is the ten thousands digit of 4102213842?
1
What is the ten thousands digit o